 + 9 - -5) + -2.
9
What is the value of -3 - (3 - 4) - 1 - 1?
-4
What is the value of (4 + -14 - -16) + -8?
-2
-3 + 7 - (3 + -3)
4
Calculate 3 - (11 + (-10 - -8)).
-6
-4 + 4 + 1 + 5 + -8
-2
What is 2 + -13 + (-23 - -31)?
-3
(2 - 6) + 6 + 3
5
What is 1 + -3 + (-4 - 0) + 0?
-6
What is the value of 2 + -1 + (3 - (-2 - -6))?
0
Evaluate 0 + (9 + -11 - (-2 + 0)).
0
Evaluate 1 + (-13 + 4 - -4) - -2.
-2
Calculate 13 + 0 + 2 + -7.
8
What is the value of 5 - ((4 - 4) + 4 + -1)?
2
Evaluate 7 + (-10 - -5) - (-1 + 0).
3
10 + -9 + -15 + 8
-6
Calculate -4 - (-2 + (6 - (-2 - -3))).
-7
Evaluate (-1 - (-4 + 5)) + -1.
-3
Calculate -4 - (-3 + 2 + -7).
4
-9 - (8 + -17) - -4
4
27 + -20 - (2 - -6)
-1
What is the value of -5 + 0 - (-13 - (3 + -12))?
-1
What is 10 + -2 + 2 + -4 + -1?
5
Evaluate -1 + 1 - (-13 + 9).
4
What is the value of 0 + 1 + (-6 - -4) + 0?
-1
(-2 - 5) + 20 - 8
5
Evaluate 5 - 1 - (0 + 0).
4
What is the value of 1 + -3 + -1 + 5 + -1?
1
0 + (-26 - -28 - (1 + 1))
0
Evaluate 4 + 7 - (8 + -5 - -3).
5
Evaluate 7 + -13 - 2 - -14.
6
-7 - (-4 - (-4 - -4))
-3
What is the value of -7 + 15 - 7 - (0 + 1)?
0
What is the value of 2 - 5 - 2 - -1?
-4
What is the value of 3 - (2 + -3 - -3 - -2)?
-1
Evaluate (1 - 2) + (2 - -2) + -6.
-3
What is the value of -1 - (-3 - -4 - 0)?
-2
Evaluate -8 - (-1 - -4 - 8).
-3
Calculate (1 + -6 - -4) + 1.
0
1 - (1 + (6 + 0 - 3))
-3
Calculate (1 - (-3 - -8)) + 5 + -2.
-1
Calculate -4 + 4 + -1 - (2 - 0).
-3
What is 3 - (2 - -4) - (-1 - -3)?
-5
-4 - (1 - 0) - -9
4
Evaluate (-1 - (-2 - 2)) + 2.
5
What is (1 - (0 - 3)) + (11 - 12)?
3
Evaluate -5 + -3 + 1 + (-18 - -23).
-2
What is -4 - (-9 + (4 - -3))?
-2
-7 + 2 + 2 + 8 - 7
-2
What is the value of (-4 - (-11 + 5)) + 4 - 5?
1
Evaluate 4 + 4 + (-4 + -4 - -1).
1
Evaluate -10 + -5 - (-37 + 31).
-9
-9 + 2 + 3 + (2 - 2)
-4
What is the value of 0 + -3 + 2 + 6 + -1?
4
What is -4 - (-2 + -5) - 4?
-1
Evaluate (5 - ((7 - 4) + -1)) + -2.
1
Calculate 1 + -6 - (1 - (7 + -2)).
-1
Evaluate 2 + 4 + -9 - -1.
-2
What is the value of 2 + (2 - 5) + -2 + 7?
4
Calculate -2 + 5 + (1 - (-5 - -10)).
-1
4 + (-1 - -5) + (49 - 65)
-8
What is 8 + 3 - (-27 + 40)?
-2
Calculate 2 + 0 + (88 - 92).
-2
What is the value of (4 + -6 - 1) + 2?
-1
Calculate 5 + (-3 - -1) - -2 - 11.
-6
4 + -7 + (3 - (-9 + 2))
7
What is 2 + -1 + -5 - (0 + -2)?
-2
Calculate 1 + -3 + -4 + 2.
-4
-2 + -10 + (10 + -7 - -4)
-5
What is 4 + 15 + -9 + -5?
5
What is -2 - (-3 - (7 + -3))?
5
What is 1 + -1 - (-10 - (1 - 7))?
4
What is the value of (-5 - -21) + -13 + -2 + 7?
8
What is -10 - -4 - (-1 + -1)?
-4
What is the value of -1 + -16 - (-14 + 2)?
-5
Evaluate 2 - (12 + (-7 - -1)).
-4
Evaluate (1 - -8) + -7 - -3 - 1.
4
Calculate (5 - -6) + -10 + 6.
7
What is -7 + -4 + 3 + -10 + 10?
-8
7 - ((11 - 9) + 5)
0
Evaluate (0 - (0 + 4)) + -1.
-5
Evaluate 6 + -18 - -11 - (-3 - 1).
3
Evaluate -1 - (1 + 1) - (1 - 2).
-2
12 + -7 + -5 - (-4 - 2)
6
Evaluate 10 + (0 - -8) + -10.
8
Evaluate -2 + -3 + 3 - -2.
0
Calculate -10 - (-8 - 0 - 2).
0
What is the value of 3 - (-7 + -1 - -15)?
-4
What is the value of (3 - 1) + (-1 - (9 + -3))?
-5
Calculate -9 - 1 - (9 - 14) - -5.
0
Calculate -1 - ((1 - 2) + 5).
-5
Calculate (7 - -6) + (-7 + 7 - 6).
7
What is -16 + 7 + 6 - -8?
5
Calculate -1 - (1 + 1 - (-1 + 7)).
3
Evaluate (-7 + 7 - (1 + 3)) + -4.
-8
What is -7 - -5 - (2 + -3)?
-1
What is the value of 5 - (-7 - (3 + -15))?
0
What is (7 + -7 + -1 - 3) + 3?
-1
Evaluate (8 - 0) + -6 + 3.
5
-10 + 5 + 15 + -1
9
-10 - (4 - 7) - (-2 - 3)
-2
-8 + 11 + -4 - 3
-4
-10 - (10 + -8 + -6)
-6
What is the value of (-13 + 1 - 0) + 8 - -1?
-3
Calculate -5 + 0 - (1 + -4) - 1.
-3
Calculate -1 - 6 - (1 + -5).
-3
What is (0 - 5) + 8 + -6?
-3
What is the value of -6 + 3 + 2 - -2?
1
Calculate 16 - (-9 + 14 - -2).
9
What is -6 - (2 - 1) - (-3 - 0)?
-4
What is the value of -8 - (6 + -9 - -2)?
-7
-8 - (8 + -17 + 2)
-1
What is 0 - 15 - (-9 - -2)?
-8
8 + -3 + -3 + (2 - 0)
4
Calculate -6 + (-3 + 6 - 1).
-4
Evaluate 3 + -4 + (-5 - -2).
-4
Calculate (-4 - -9) + (4 - 10) + 8.
7
Calculate -32 + 33 + (1 - -1) + 4.
7
8 + -6 - 3 - (1 - 2)
0
What is 0 - (-6 + 7 + -4)?
3
Calculate 0 - (1 + 7 - 5).
-3
Calculate -3 - (5 - 8) - (-1 - 0).
1
What is -7 + (1 - 12) + 10?
-8
Calculate (-7 - -2 - -2) + (2 - -2).
1
What is the value of -7 - (6 + -4 + -6)?
-3
What is (0 - (1 - -1 - 3)) + 0?
1
Evaluate 0 + 2 + -3 + -1.
-2
Evaluate (3 - 6 - 4) + 4.
-3
-3 - ((4 - 9) + 0)
2
Calculate -234 + 241 - (-2 + 1 - 0).
8
1 - 1 - (5 + 0 - 1)
-4
-6 - (14 + -8 - 9)
-3
What is 2 - 1 - (5 - (-2 + 6))?
0
Evaluate (2 - 3) + 3 - (10 + -7).
-1
Calculate 1 + 2 + 25 + -31.
-3
What is (5 - 0) + -13 - -12?
4
Evaluate -1 + -7 + -113 + 120.
-1
-7 - (1 + 2 - (17 - 2))
5
What is the value of (1 - 3) + -5 + 2?
-5
-4 + (6 - -6) - 5
3
Evaluate 7 + -1 + 7 + -10.
3
Evaluate 3 - 4 - -5 - 0.
4
Evaluate (6 - 1) + (1 - 1 - 0).
5
Calculate (0 - -1) + (50 - 42).
9
What is -2 - (2 + 6 + -13)?
3
Calculate -2 + (0 - (-1 + -2)) - -3.
4
What is the value of (-11 + 1 - -4) + 12 + -1?
5
Calculate (-5 - -3) + -4 - -10.
4
Evaluate (-3 - (2 + 0)) + 3.
-2
What is the value of (9 - 12) + (3 - 2)?
-2
What is 4 - (13 + -2 + -4 + -3)?
0
Evaluate (0 - 3) + 1 - (12 + -11).
-3
Evaluate 1 - 2 - (-12 + (-6 - -18)).
-1
What is -5 - -8 - (-4 - -3)?
4
What is the value of (-1 - (-5 - -2) - -1) + 0?
3
(1 - 3) + -13 + 12
-3
Calculate -1 - (-10 + -4 + 8).
5
What is ((-3 - 1) + 8 - 2) + -7?
-5
Calculate -1 + 0 - (-97 + 105).
-9
What is -3 - ((-4 - (3 - 1)) + 4)?
-1
43 + -53 - (4 + -8)
-6
Evaluate 8 + (-6 - 0) - (2 - 1).
1
Evaluate 17 + -7 + -3 + -13.
-6
Calculate 19 + -18 - (1 - 0).
0
Evaluate 0 - (-2 + 9 + -1 + -2).
-4
What is the value of (-17 - -5 - -9) + 9?
6
Evaluate -5 + 21 - (-2 - -11).
7
What is the value of -4 + 6 - (-3 - (-4 - -2))?
3
Calculate -5 + 10 + -2 - 0.
3
(-18 - -3 - -4) + 12
1
-12 + 1 - (-63 + 52)
0
Evaluate -6 + 3 + (3 - 2).
-2
4 + (5 - (13 + -2))
-2
Calculate (5 - 9) + (-2 + 3 - 2).
-5
Calculate 4 + -6 + (4 + -9 - -7).
0
What is (-10 - 6) + (5 - -5)?
-6
(-2 - 1) + 0 + (-10 - -14)
1
What is the value of 0 - (-2 + 10 + (2 - 20))?
10
What is the value of 3 + (8 - (1 - -9))?
1
Calculate (1 + 1 - (-1 - -2)) + -4.
-3
2 + -9 + 5 - -6 - 5
-1
Evaluate -13 - ((6 - 19) + 2).
-2
0 - -2 - (-12 + 6 + 4)
4
What is the value of (-1 - (1 - 5)) + (-24 - -23)?
2
Evaluate 2 + (1 - (3 + 3 + -3)).
0
What is -3 + 0 - -2 - (0 + -2)?
1
Calculate 2 + 2 - (8 - 9).
5
What is the value of 1 + 1 + 11 + (-11 - 2)?
0
-4 - (-7 - -3 - -3)
-3
What is the value of 5 - (-1 - -1) - 3?
2
What is (5 - 1) + -7 - -4?
1
(2 - 3 - -2 - -1) + -4
-2
Calculate (39 - 45) + (1 - 0 - -4).
-1
Calculate (-1 - -6) + -1 - (-28 + 27).
5
What is 8 + -9 + -4 + 1?
-4
What is the value of (-1 - (-7 + 6)) + (-1 - 1)?
-2
Evaluate 7 - (8 + -26 + 14).
11
Calculate 3 - -8 - 1 - 16.
-6
What is 4 - -1 - (3 + -1 - 0)?
3
-2 - -5 - -2 - 2
3
What is ((-2 - 1) + 0 - -6) + -4?
-1
What is (-1 - -2) + (10 + -14 - -7)?
4
Evaluate (44 - 43) + -2 + 3 + -2.
0
(2 - 4 - 4) + 14 + -5
3
Evaluate 1 - (-1 + -5 + 3 - -3).
1
(2 - 0) + (1 - 6)
-3
Evaluate (5 - 1) + (25 - 31).
-2
Evaluate -1 + 4 - 8 - -3.
-2
Calculate 1 + -6 + 4 + 1.
0
Calculate 13 + -8 + -1 + 0.
4
What is the value of -5 + (4 - 2) + (23 - 21)?
-1
7 - (6 + (7 - 6))
0
(-3 - (1 - 4)) + (-3 - 1)
-4
-5 - (7 + -1 + -15 - -1)
3
Evaluate 1 - (1 + 0 - 5).
5
Evaluate (-4 - -1) + 2 + -1.
-2
-3 + (-3 + 5 - (-4 + 5))
-2
Calculate 0 + 1 - (-11 + 1 - -7).
4
What is (-1 - 2) + (7 - (0 + 5))?
-1
What is the value of 0 + (-1 - -1) + (-39 - -40)?
1
What is (2 + -6 - -1) + 3?
0
Calculate -7 + (0 - -3) + 4.
0
Calculate (21 - 3) + -17 + 9 - 7.
3
What is 2 - (-19 + 15 - (0 - 1))?
5
What is -3 - (-3 + (-7 - -3))?
4
What is -29 + 30 + (-1 - 1)?
-1
-5 + 1 + -7 + 0 + 8
-3
What is 4 + (-16 - -3 - -5)?
-4
What is 5 + (1 - (2 - (-5 - -3)))?
2
What is -1 + 1 - (23 + -25)?
2
What is (-8 - (5 - 8)) + 2 + -1?
-4
What is the value of -1 - (-11 - -5 - -2)?
3
What is 1 + (-4 + -4 + 10 - 1)?
2
Calculate (0 - -7) + 16 + -6 + -11.
6
What is (0 - (-1 + 0)) + 5 + -4?
2
Calculate (0 - -1) + (-2 - 3) + 7.
3
What is the value of -7 + (2 - (2 + -9))?
2
3 + -6 - (0 + -8 + 2)
3
What is -2 + (-2 + 4 - 4)?
-4
What is the value of -9 - 5 - -5 - -5?
-4
Calculate 11 + 1 + -2 + -8.
2
-5 - (3 - 21) - 5
8
13 + (6 - 13) + (-4 - 5)
-3
What is the value